{"id":141,"date":"2018-08-04T06:22:40","date_gmt":"2018-08-04T04:22:40","guid":{"rendered":"http:\/\/agrolens.sk\/ags\/?page_id=141"},"modified":"2018-08-04T06:32:48","modified_gmt":"2018-08-04T04:32:48","slug":"cookies","status":"publish","type":"page","link":"http:\/\/agrolens.sk\/ags\/cookies\/","title":{"rendered":"Cookies"},"content":{"rendered":"<p style=\"text-align: center;\"><strong>\u010co s\u00fa s\u00fabory cookies<\/strong><\/p>\n<p>Na\u0161a webov\u00e1 str\u00e1nka vyu\u017e\u00edva s\u00fabory cookies z d\u00f4vodov zlep\u0161enia poskytovania slu\u017eieb v\u00e1m &#8211; na\u0161im z\u00e1kazn\u00edkom. S\u00fabory cookies s\u00fa mal\u00e9 textov\u00e9 s\u00fabory, ktor\u00e9 s\u00fa nav\u0161t\u00edvenou webovou lokalitou ulo\u017een\u00e9 do v\u00e1\u0161ho po\u010d\u00edta\u010da alebo mobiln\u00e9ho zariadenia \/ tabletu \u010di telef\u00f3nu\/. Pri bud\u00facej n\u00e1v\u0161teve rovnakej webovej lokality V\u00e1m potom umo\u017enia pou\u017ei\u0165 rovnak\u00e9 predvo\u013eby. S\u00fabory cookies obsahuj\u00fa osobne identifikovate\u013en\u00e9 inform\u00e1cie, ako je va\u0161e meno alebo e-mailov\u00e1 adresa \u2013 samozrejme len ak ste tieto inform\u00e1cie predt\u00fdm webovej lokalite poskytli.<\/p>\n<p>Cookies v\u00e1m m\u00f4\u017eu u\u013eah\u010di\u0165 pou\u017e\u00edvanie str\u00e1nky. Str\u00e1nka si napr\u00edklad zapam\u00e4t\u00e1, \u017ee ste prihl\u00e1sen\u00ed pod svojou prez\u00fdvkou a pri nasleduj\u00facom na\u010d\u00edtan\u00ed nemus\u00edte znova zad\u00e1va\u0165 svoje prihlasovacie \u00fadaje. Pou\u017e\u00edvan\u00edm s\u00faborov cookies nedoch\u00e1dza k poru\u0161ovaniu z\u00e1kona \u010d. 122\/2013 Z.z. o ochrane osobn\u00fdch \u00fadajov, nepou\u017e\u00edvame ich na zhroma\u017e\u010fovanie osobn\u00fdch \u00fadajov a ani ich neposkytujeme tret\u00edm stran\u00e1m.<\/p>\n<p>S\u00fabory cookies m\u00f4\u017eu by\u0165 do\u010dasn\u00e9 alebo trval\u00e9. Do\u010dasn\u00e9 s\u00fabory cookies alebo s\u00fabory cookies rel\u00e1cie s\u00fa vymazan\u00e9 po zatvoren\u00ed okna webov\u00e9ho preh\u013ead\u00e1va\u010da. Trval\u00e9 s\u00fabory cookie zost\u00e1vaj\u00fa ulo\u017een\u00e9 v po\u010d\u00edta\u010di aj po zatvoren\u00ed okna webov\u00e9ho preh\u013ead\u00e1va\u010da. Tieto s\u00fabory cookies potom m\u00f4\u017ee \u010d\u00edta\u0165 iba server, ktor\u00fd ich vytvoril.<\/p>\n<p>Okrem vy\u0161\u0161ie spom\u00ednan\u00fdch funkci\u00ed s\u00fabory cookies v\u00fdrazne ovplyv\u0148uj\u00fa funk\u010dnos\u0165 na\u0161ej internetovej str\u00e1nky, pom\u00e1haj\u00fa eliminova\u0165 probl\u00e9my pri dokon\u010den\u00ed objedn\u00e1vkov\u00e9ho procesu<br \/>\ns\u00fa n\u00e1pomocn\u00e9 pri zis\u0165ovan\u00ed Vami naj\u010dastej\u0161ie pou\u017e\u00edvan\u00fdch str\u00e1nok a funkci\u00ed , na z\u00e1klade \u010doho vieme \u010do najlep\u0161ie prisp\u00f4sobi\u0165 na\u0161u ponuku Va\u0161im po\u017eiadavk\u00e1m<br \/>\npom\u00e1haj\u00fa n\u00e1m zisti\u0165, ktor\u00e9 reklamy si naj\u010dastej\u0161ie prehliadate, aby sa V\u00e1m pri pozeran\u00ed str\u00e1nok nezobrazovala st\u00e1le t\u00e1 ist\u00e1 reklama, pr\u00edpadne aby sa V\u00e1m nezobrazovala reklama na tovar, o ktor\u00fd nem\u00e1te z\u00e1ujem.<\/p>\n<p style=\"text-align: center;\"><strong>Delenie cookies z h\u013eadiska funkcie, ktor\u00fa jednotliv\u00e9 cookies plnia<\/strong><\/p>\n<p>konverzn\u00e9 \u2013 umo\u017e\u0148uj\u00fa mera\u0165 a vyhodnocova\u0165 konverzie \/ v\u00fdkon\/ r\u00f4znych predajn\u00fdch kan\u00e1lov<br \/>\ntrackingov\u00e9 (sledovacie) &#8211; v kombin\u00e1cii s konverzn\u00fdmi analyzuj\u00fa v\u00fdkon r\u00f4znych predajn\u00fdch kan\u00e1lov<br \/>\nremarketingov\u00e9 \u2013 sl\u00fa\u017eia na personaliz\u00e1ciu obsahu rekl\u00e1m a ich spr\u00e1vne zacielenie<br \/>\nanalytick\u00e9 &#8211; pom\u00e1haj\u00fa zv\u00fd\u0161i\u0165 u\u017e\u00edvate\u013esk\u00e9 pohodlie n\u00e1\u0161ho webu t\u00fdm, \u017ee pochop\u00edme, ako ho u\u017e\u00edvatelia pou\u017e\u00edvaj\u00fa<br \/>\nesenci\u00e1lne \u2013 s\u00fa d\u00f4le\u017eit\u00e9 pre z\u00e1kladn\u00fa funk\u010dnos\u0165 webu<\/p>\n<p style=\"text-align: left;\">Niektor\u00e9 s\u00fabory cookie m\u00f4\u017eu zhroma\u017e\u010fova\u0165 inform\u00e1cie, ktor\u00e9 s\u00fa n\u00e1sledne vyu\u017eit\u00e9 tret\u00edmi stranami a ktor\u00e9 napr. priamo podporuj\u00fa na\u0161e reklamn\u00e9 aktivity (tzv. \u201ecookie tret\u00edch str\u00e1n\u201c). Napr\u00edklad inform\u00e1cie o produktoch kupovan\u00fdch n\u00e1v\u0161tevn\u00edkmi na na\u0161ich str\u00e1nkach m\u00f4\u017eu by\u0165 zobrazen\u00e9 reklamnou agent\u00farou, aby sme mohli lep\u0161ie prisp\u00f4sobi\u0165 zobrazenia internetov\u00fdch reklamn\u00fdch bannerov na Vami zobrazovan\u00fdch webov\u00fdch str\u00e1nkach. Pod\u013ea t\u00fdchto \u00fadajov V\u00e1s v\u0161ak nie je mo\u017en\u00e9 identifikova\u0165.<\/p>\n<p style=\"text-align: center;\"><strong>Ako odmietnu\u0165 pou\u017e\u00edvanie s\u00faborov cookies<\/strong><\/p>\n<p style=\"text-align: left;\">Pou\u017e\u00edvanie s\u00faborov cookies je mo\u017en\u00e9 nastavi\u0165 pomocou V\u00e1\u0161ho internetov\u00e9ho prehliada\u010da. V\u00e4\u010d\u0161ina prehliada\u010dov s\u00fabory cookie automaticky prij\u00edma u\u017e vo \u00favodnom nastaven\u00ed. S\u00fabory cookie je mo\u017en\u00e9 pomocou V\u00e1\u0161ho webov\u00e9ho prehliada\u010da odmietnu\u0165 alebo nastavi\u0165 pou\u017e\u00edvanie len niektor\u00fdch s\u00faborov cookie.<\/p>\n<p style=\"text-align: center;\"><strong>Ako si m\u00f4\u017eete upravi\u0165 cookies vo svojom prehliada\u010di?<\/strong><\/p>\n<p>Otvorte si nastavenia svojho prehliada\u010da (Mozilla Firefox, Google Chrome, Internet Explorer, Safari \u010di Internet Explorer) a n\u00e1jdite v nich li\u0161tu s nastaveniami s\u00fakromia a v nej s\u00fabory cookies. Tu si viete prezrie\u0165, ak\u00e9 s\u00fabory cookies vo svojom zariaden\u00ed m\u00e1te, m\u00f4\u017eete ich manu\u00e1lne alebo hromadne vymaza\u0165. Podrobnej\u0161ie in\u0161trukcie n\u00e1jdete v n\u00e1povede ka\u017ed\u00e9ho z t\u00fdchto prehliada\u010dov.<\/p>\n","protected":false},"excerpt":{"rendered":"<p>\u010co s\u00fa s\u00fabory cookies Na\u0161a webov\u00e1 str\u00e1nka vyu\u017e\u00edva s\u00fabory cookies z d\u00f4vodov zlep\u0161enia poskytovania slu\u017eieb v\u00e1m &#8211; na\u0161im z\u00e1kazn\u00edkom. S\u00fabory cookies s\u00fa mal\u00e9 textov\u00e9 s\u00fabory, ktor\u00e9 s\u00fa nav\u0161t\u00edvenou webovou lokalitou ulo\u017een\u00e9 do v\u00e1\u0161ho po\u010d\u00edta\u010da&#46;&#46;&#46;<\/p>\n","protected":false},"author":1,"featured_media":0,"parent":0,"menu_order":0,"comment_status":"closed","ping_status":"closed","template":"","meta":{"footnotes":""},"class_list":["post-141","page","type-page","status-publish","hentry"],"_links":{"self":[{"href":"http:\/\/agrolens.sk\/ags\/wp-json\/wp\/v2\/pages\/141","targetHints":{"allow":["GET"]}}],"collection":[{"href":"http:\/\/agrolens.sk\/ags\/wp-json\/wp\/v2\/pages"}],"about":[{"href":"http:\/\/agrolens.sk\/ags\/wp-json\/wp\/v2\/types\/page"}],"author":[{"embeddable":true,"href":"http:\/\/agrolens.sk\/ags\/wp-json\/wp\/v2\/users\/1"}],"replies":[{"embeddable":true,"href":"http:\/\/agrolens.sk\/ags\/wp-json\/wp\/v2\/comments?post=141"}],"version-history":[{"count":3,"href":"http:\/\/agrolens.sk\/ags\/wp-json\/wp\/v2\/pages\/141\/revisions"}],"predecessor-version":[{"id":146,"href":"http:\/\/agrolens.sk\/ags\/wp-json\/wp\/v2\/pages\/141\/revisions\/146"}],"wp:attachment":[{"href":"http:\/\/agrolens.sk\/ags\/wp-json\/wp\/v2\/media?parent=141"}],"curies":[{"name":"wp","href":"https:\/\/api.w.org\/{rel}","templated":true}]}}